/*
Navicat MySQL Data Transfer

Source Server         : localhost
Source Server Version : 50505
Source Host           : localhost:3306
Source Database       : bronxbarber

Target Server Type    : MYSQL
Target Server Version : 50505
File Encoding         : 65001

Date: 2024-01-20 20:45:08
*/


-- ----------------------------
-- Table structure for asignacion_silla_detalle
-- ----------------------------
CREATE TABLE `asignacion_silla_detalle` (
  `IdAsignacionDetalle` int(11) NOT NULL AUTO_INCREMENT,
  `IdBarberoUsuario` int(11) DEFAULT NULL,
  `NroSilla` tinyint(4) DEFAULT NULL,
  `FechaActualizacion` int(11) DEFAULT NULL,
  `IdStatus` int(11) DEFAULT NULL,
  PRIMARY KEY (`IdAsignacionDetalle`)
) ENGINE=InnoDB DEFAULT CHARSET=utf8;

-- ----------------------------
-- Records of asignacion_silla_detalle
-- ----------------------------

-- ----------------------------
-- Table structure for barberos_edocuenta_tipo_movimiento
-- ----------------------------
CREATE TABLE `barberos_edocuenta_tipo_movimiento` (
  `IdTipoMovimiento` int(11) NOT NULL AUTO_INCREMENT,
  `TipoMovimiento` varchar(200) DEFAULT NULL,
  `Accion` tinyint(4) DEFAULT NULL,
  `IdStatus` int(11) DEFAULT NULL,
  PRIMARY KEY (`IdTipoMovimiento`)
) ENGINE=InnoDB AUTO_INCREMENT=4 DEFAULT CHARSET=utf8;

-- ----------------------------
-- Records of barberos_edocuenta_tipo_movimiento
-- ----------------------------
INSERT INTO `barberos_edocuenta_tipo_movimiento` VALUES ('1', 'Servicio Cliente', '1', '1');
INSERT INTO `barberos_edocuenta_tipo_movimiento` VALUES ('2', 'Vale Barbero', '2', '1');
INSERT INTO `barberos_edocuenta_tipo_movimiento` VALUES ('3', 'Propinas a Barbero', '1', '1');

-- ----------------------------
-- Table structure for barberos_estadocuenta
-- ----------------------------
CREATE TABLE `barberos_estadocuenta` (
  `IdEstadoCuenta` int(11) NOT NULL AUTO_INCREMENT,
  `IdTipoMovimiento` int(11) DEFAULT NULL,
  `NroMovimiento` int(11) DEFAULT NULL,
  `IdUsuario` int(11) DEFAULT NULL,
  `FechaMovimiento` date DEFAULT NULL,
  `DescripcionMovimiento` varchar(255) DEFAULT NULL,
  `Monto` double(11,2) DEFAULT NULL,
  `FechaCarga` datetime DEFAULT NULL,
  `IdSession` varchar(255) DEFAULT NULL,
  `IdStatus` int(11) DEFAULT NULL,
  PRIMARY KEY (`IdEstadoCuenta`)
) ENGINE=InnoDB AUTO_INCREMENT=4 DEFAULT CHARSET=utf8;

-- ----------------------------
-- Records of barberos_estadocuenta
-- ----------------------------
INSERT INTO `barberos_estadocuenta` VALUES ('1', '1', '1', '6', '2024-01-15', 'Servicio Barbero: CORTE Y BARBA, LIMPIEZA FACIAL, NARIZ - Cliente: JUAN LUIS MENDEZ', '15.75', '2024-01-15 12:03:06', '31', '1');
INSERT INTO `barberos_estadocuenta` VALUES ('2', '3', '1', '6', '2024-01-15', 'Propina Barbero: CORTE DE JUANCHI', '5.00', '2024-01-15 12:18:50', '31', '1');
INSERT INTO `barberos_estadocuenta` VALUES ('3', '2', '1', '6', '2024-01-15', 'Vale Barbero: VALE DEL LUNES', '-20.00', '2024-01-15 12:24:41', '31', '1');

-- ----------------------------
-- Table structure for barberos_propinas
-- ----------------------------
CREATE TABLE `barberos_propinas` (
  `IdPropina` int(11) NOT NULL AUTO_INCREMENT,
  `IdUsuarioBarbero` int(11) DEFAULT NULL,
  `MontoPropina` float(11,2) DEFAULT NULL,
  `Concepto` varchar(255) DEFAULT NULL,
  `FechaPropina` datetime DEFAULT NULL,
  `IdSession` int(11) DEFAULT NULL,
  `IdStatus` int(11) DEFAULT NULL,
  PRIMARY KEY (`IdPropina`)
) ENGINE=InnoDB AUTO_INCREMENT=2 DEFAULT CHARSET=utf8;

-- ----------------------------
-- Records of barberos_propinas
-- ----------------------------
INSERT INTO `barberos_propinas` VALUES ('1', '6', '5.00', 'CORTE DE JUANCHI', '2024-01-15 12:18:50', '31', '1');

-- ----------------------------
-- Table structure for barberos_vales
-- ----------------------------
CREATE TABLE `barberos_vales` (
  `IdVale` int(11) NOT NULL AUTO_INCREMENT,
  `IdUsuarioBarbero` int(11) DEFAULT NULL,
  `MontoVale` float(11,2) DEFAULT NULL,
  `Concepto` varchar(255) DEFAULT NULL,
  `FechaVale` datetime DEFAULT NULL,
  `IdSession` int(11) DEFAULT NULL,
  `IdStatus` int(11) DEFAULT NULL,
  PRIMARY KEY (`IdVale`)
) ENGINE=InnoDB AUTO_INCREMENT=2 DEFAULT CHARSET=utf8;

-- ----------------------------
-- Records of barberos_vales
-- ----------------------------
INSERT INTO `barberos_vales` VALUES ('1', '6', '20.00', 'VALE DEL LUNES', '2024-01-15 12:24:41', '31', '1');

-- ----------------------------
-- Table structure for clientes
-- ----------------------------
CREATE TABLE `clientes` (
  `IdCliente` int(11) NOT NULL AUTO_INCREMENT,
  `Cedula` varchar(20) DEFAULT NULL,
  `NombreCliente` varchar(255) DEFAULT NULL,
  `TelefonoCliente` varchar(20) DEFAULT NULL,
  `Direccion` varchar(255) DEFAULT NULL,
  `FechaModificacion` datetime DEFAULT NULL,
  `IdSesion` int(11) DEFAULT NULL,
  `IdStatus` int(11) DEFAULT NULL,
  PRIMARY KEY (`IdCliente`)
) ENGINE=InnoDB AUTO_INCREMENT=8 DEFAULT CHARSET=utf8;

-- ----------------------------
-- Records of clientes
-- ----------------------------
INSERT INTO `clientes` VALUES ('1', '15879159', 'JUAN LUIS MENDEZ', '0414-8194291', 'Av Anzoategui Lecheria', '2023-06-26 12:43:24', '1', '1');
INSERT INTO `clientes` VALUES ('2', '17909664', 'ROBERTO MISCIA', '0414-7952908', 'Av Bolivar Lecheria', '2023-06-26 16:42:47', '1', '1');
INSERT INTO `clientes` VALUES ('3', '10000000', 'CLIENTE FINAL', '0281-0000000', 'Lecheria', '2023-11-17 11:53:59', '1', '1');
INSERT INTO `clientes` VALUES ('4', '17793729', 'LUIS OSCAR MENDEZ', '0424-8965554', 'Lecheria', '2023-11-17 12:00:43', '1', '1');
INSERT INTO `clientes` VALUES ('5', '17973197', 'JORGE CHABOUK', '0424-8798067', 'Lecheria', '2023-11-17 13:29:17', '1', '1');
INSERT INTO `clientes` VALUES ('6', '26449921', 'CARLOS MARQUEZ', '0412-1804313', 'Lecheria', '2023-11-17 13:38:09', '3', '1');
INSERT INTO `clientes` VALUES ('7', '22873295', 'JAVIER MATA', '0414-9950041', '', '2023-11-29 12:10:35', '17', '1');

-- ----------------------------
-- Table structure for estadocuenta
-- ----------------------------
CREATE TABLE `estadocuenta` (
  `IdEstadoCuenta` int(11) NOT NULL AUTO_INCREMENT,
  `IdTipoMovimiento` int(11) DEFAULT NULL,
  `NroMovimiento` int(11) DEFAULT NULL,
  `IdCliente` int(11) DEFAULT NULL,
  `FechaMovimiento` date DEFAULT NULL,
  `DescripcionMovimiento` varchar(255) DEFAULT NULL,
  `Monto` double(11,2) DEFAULT NULL,
  `FechaCarga` datetime DEFAULT NULL,
  `IdSession` varchar(255) DEFAULT NULL,
  `IdStatus` int(11) DEFAULT NULL,
  PRIMARY KEY (`IdEstadoCuenta`)
) ENGINE=InnoDB AUTO_INCREMENT=4 DEFAULT CHARSET=utf8;

-- ----------------------------
-- Records of estadocuenta
-- ----------------------------
INSERT INTO `estadocuenta` VALUES ('1', '1', '1', '1', '2024-01-13', 'CORTE Y BARBA - SILLA #1 - BARBERO: RAYMON VELASQUEZ', '-20.00', '2024-01-13 12:03:06', '31', '1');
INSERT INTO `estadocuenta` VALUES ('2', '1', '2', '1', '2024-01-15', 'LIMPIEZA FACIAL - SILLA #1 - BARBERO: RAYMON VELASQUEZ', '-10.00', '2024-01-15 12:03:06', '31', '1');
INSERT INTO `estadocuenta` VALUES ('3', '1', '3', '1', '2024-01-15', 'NARIZ - SILLA #1 - BARBERO: RAYMON VELASQUEZ', '-5.00', '2024-01-15 12:03:06', '31', '1');

-- ----------------------------
-- Table structure for estadocuenta_barberia
-- ----------------------------
CREATE TABLE `estadocuenta_barberia` (
  `IdEstadoCuenta` int(11) NOT NULL AUTO_INCREMENT,
  `IdTipoMovimiento` int(11) DEFAULT NULL,
  `NroMovimiento` int(11) DEFAULT NULL,
  `IdCliente` int(11) DEFAULT NULL,
  `FechaMovimiento` date DEFAULT NULL,
  `DescripcionMovimiento` varchar(255) DEFAULT NULL,
  `Monto` double(11,2) DEFAULT NULL,
  `FechaCarga` datetime DEFAULT NULL,
  `IdSession` varchar(255) DEFAULT NULL,
  `IdStatus` int(11) DEFAULT NULL,
  PRIMARY KEY (`IdEstadoCuenta`)
) ENGINE=InnoDB DEFAULT CHARSET=utf8;

-- ----------------------------
-- Records of estadocuenta_barberia
-- ----------------------------

-- ----------------------------
-- Table structure for estadocuenta_estatus
-- ----------------------------
CREATE TABLE `estadocuenta_estatus` (
  `IdStatus_Edo` int(11) NOT NULL AUTO_INCREMENT,
  `NombreEstatus` varchar(255) DEFAULT NULL,
  PRIMARY KEY (`IdStatus_Edo`)
) ENGINE=InnoDB AUTO_INCREMENT=5 DEFAULT CHARSET=utf8;

-- ----------------------------
-- Records of estadocuenta_estatus
-- ----------------------------
INSERT INTO `estadocuenta_estatus` VALUES ('1', 'Activo');
INSERT INTO `estadocuenta_estatus` VALUES ('2', 'Cerrado');
INSERT INTO `estadocuenta_estatus` VALUES ('3', 'Anulado');
INSERT INTO `estadocuenta_estatus` VALUES ('4', 'Otro');

-- ----------------------------
-- Table structure for pagos
-- ----------------------------
CREATE TABLE `pagos` (
  `IdPago` int(11) NOT NULL AUTO_INCREMENT,
  `IdTipoPago` int(11) DEFAULT NULL,
  `Fecha` date DEFAULT NULL,
  `IdCliente` int(11) DEFAULT NULL,
  `MontoPagado` double(11,2) DEFAULT NULL,
  `TasaPago` float(11,2) NOT NULL,
  `TitularPago` varchar(255) DEFAULT NULL,
  `ReferenciaPago` varchar(100) DEFAULT NULL,
  `FechaCarga` datetime DEFAULT NULL,
  `IdSession` int(11) DEFAULT NULL,
  `IdStatus` int(11) DEFAULT NULL,
  PRIMARY KEY (`IdPago`)
) ENGINE=InnoDB DEFAULT CHARSET=utf8;

-- ----------------------------
-- Records of pagos
-- ----------------------------

-- ----------------------------
-- Table structure for pagos_relacion_servicios
-- ----------------------------
CREATE TABLE `pagos_relacion_servicios` (
  `IdRelacion` int(11) NOT NULL AUTO_INCREMENT,
  `IdServiciosilla` int(11) DEFAULT NULL,
  `IdPago` int(11) DEFAULT NULL,
  `MontoPagado` float(11,2) DEFAULT NULL,
  `MontoRemanente` float(11,2) DEFAULT NULL,
  `FechaCreacion` datetime DEFAULT NULL,
  `IdStatus` int(11) DEFAULT NULL,
  PRIMARY KEY (`IdRelacion`)
) ENGINE=InnoDB DEFAULT CHARSET=utf8;

-- ----------------------------
-- Records of pagos_relacion_servicios
-- ----------------------------

-- ----------------------------
-- Table structure for servicios
-- ----------------------------
CREATE TABLE `servicios` (
  `IdServicio` int(11) NOT NULL AUTO_INCREMENT,
  `NombreServicio` varchar(255) DEFAULT NULL,
  `IdTipoUsuario` int(11) DEFAULT NULL,
  `Costo` float(11,2) DEFAULT NULL,
  `IdStatus` int(11) DEFAULT NULL,
  PRIMARY KEY (`IdServicio`)
) ENGINE=InnoDB AUTO_INCREMENT=9 DEFAULT CHARSET=utf8;

-- ----------------------------
-- Records of servicios
-- ----------------------------
INSERT INTO `servicios` VALUES ('1', 'Corte', '3', '13.00', '1');
INSERT INTO `servicios` VALUES ('2', 'Barba', '3', '7.00', '1');
INSERT INTO `servicios` VALUES ('3', 'Corte y Barba', '3', '20.00', '1');
INSERT INTO `servicios` VALUES ('4', 'Limpieza Facial', '3', '10.00', '1');
INSERT INTO `servicios` VALUES ('5', 'Nariz', '3', '5.00', '1');
INSERT INTO `servicios` VALUES ('6', 'Keratina', '3', '15.00', '1');
INSERT INTO `servicios` VALUES ('7', 'Quiropedia', '4', '15.00', '1');
INSERT INTO `servicios` VALUES ('8', 'Quiropedia+', '4', '20.00', '1');

-- ----------------------------
-- Table structure for servicios_sillas
-- ----------------------------
CREATE TABLE `servicios_sillas` (
  `IdServiciosilla` int(11) NOT NULL AUTO_INCREMENT,
  `IdSilla` int(11) DEFAULT NULL,
  `IdCliente` int(11) DEFAULT NULL,
  `Fecha` date DEFAULT NULL,
  `Monto` float(11,2) DEFAULT NULL,
  `MontoRemanente` float(11,2) DEFAULT NULL,
  `IdSession` int(11) DEFAULT NULL,
  `IdStatus` int(11) DEFAULT NULL,
  PRIMARY KEY (`IdServiciosilla`)
) ENGINE=InnoDB AUTO_INCREMENT=3 DEFAULT CHARSET=utf8;

-- ----------------------------
-- Records of servicios_sillas
-- ----------------------------
INSERT INTO `servicios_sillas` VALUES ('1', '1', '1', '2024-01-13', '20.00', '20.00', '31', '1');
INSERT INTO `servicios_sillas` VALUES ('2', '1', '1', '2024-01-15', '15.00', '15.00', '31', '1');

-- ----------------------------
-- Table structure for servicios_sillas_detalles
-- ----------------------------
CREATE TABLE `servicios_sillas_detalles` (
  `IdRelacion` int(11) NOT NULL AUTO_INCREMENT,
  `IdServiciosilla` int(11) DEFAULT NULL,
  `Monto` float(11,2) DEFAULT NULL,
  `IdSession` int(11) DEFAULT NULL,
  `IdStatus` int(11) DEFAULT NULL,
  PRIMARY KEY (`IdRelacion`)
) ENGINE=InnoDB AUTO_INCREMENT=4 DEFAULT CHARSET=utf8;

-- ----------------------------
-- Records of servicios_sillas_detalles
-- ----------------------------
INSERT INTO `servicios_sillas_detalles` VALUES ('1', '1', '20.00', '31', '1');
INSERT INTO `servicios_sillas_detalles` VALUES ('2', '2', '10.00', '31', '1');
INSERT INTO `servicios_sillas_detalles` VALUES ('3', '2', '5.00', '31', '1');

-- ----------------------------
-- Table structure for servicios_sillas_estatus
-- ----------------------------
CREATE TABLE `servicios_sillas_estatus` (
  `IdStatus_Edo` int(11) NOT NULL AUTO_INCREMENT,
  `NombreEstatus` varchar(255) DEFAULT NULL,
  PRIMARY KEY (`IdStatus_Edo`)
) ENGINE=InnoDB AUTO_INCREMENT=5 DEFAULT CHARSET=utf8;

-- ----------------------------
-- Records of servicios_sillas_estatus
-- ----------------------------
INSERT INTO `servicios_sillas_estatus` VALUES ('1', 'Activo / Pendiente');
INSERT INTO `servicios_sillas_estatus` VALUES ('2', 'Activo / Abonado');
INSERT INTO `servicios_sillas_estatus` VALUES ('3', 'Activo / Pagado');
INSERT INTO `servicios_sillas_estatus` VALUES ('4', 'Anulado');

-- ----------------------------
-- Table structure for sesiones
-- ----------------------------
CREATE TABLE `sesiones` (
  `IdSession` int(11) NOT NULL AUTO_INCREMENT,
  `IdUsuario` int(11) DEFAULT NULL,
  `DireccionIp` varchar(255) DEFAULT NULL,
  `FechaSesion` datetime DEFAULT NULL,
  `IdStatus` int(11) DEFAULT NULL,
  PRIMARY KEY (`IdSession`)
) ENGINE=InnoDB AUTO_INCREMENT=33 DEFAULT CHARSET=utf8;

-- ----------------------------
-- Records of sesiones
-- ----------------------------
INSERT INTO `sesiones` VALUES ('1', '1', '201.249.154.151', '2023-06-26 15:45:37', '1');
INSERT INTO `sesiones` VALUES ('2', '1', '127.0.0.1', '2023-06-27 11:33:24', '1');
INSERT INTO `sesiones` VALUES ('3', '1', '127.0.0.1', '2023-06-28 16:39:09', '1');
INSERT INTO `sesiones` VALUES ('4', '1', '127.0.0.1', '2023-07-03 15:49:47', '1');
INSERT INTO `sesiones` VALUES ('5', '1', '127.0.0.1', '2023-07-06 17:07:09', '1');
INSERT INTO `sesiones` VALUES ('6', '1', '127.0.0.1', '2023-07-07 11:16:03', '1');
INSERT INTO `sesiones` VALUES ('7', '1', '127.0.0.1', '2023-07-07 12:39:36', '1');
INSERT INTO `sesiones` VALUES ('8', '1', '127.0.0.1', '2023-07-07 12:41:15', '1');
INSERT INTO `sesiones` VALUES ('9', '1', '127.0.0.1', '2023-07-20 16:27:35', '1');
INSERT INTO `sesiones` VALUES ('10', '1', '127.0.0.1', '2023-07-21 11:37:39', '1');
INSERT INTO `sesiones` VALUES ('11', '1', '127.0.0.1', '2023-11-08 11:31:08', '1');
INSERT INTO `sesiones` VALUES ('12', '1', '127.0.0.1', '2023-11-15 10:54:21', '1');
INSERT INTO `sesiones` VALUES ('13', '1', '127.0.0.1', '2023-11-16 12:35:00', '1');
INSERT INTO `sesiones` VALUES ('14', '1', '10.0.0.230', '2023-11-17 12:21:00', '1');
INSERT INTO `sesiones` VALUES ('15', '1', '127.0.0.1', '2023-11-24 17:13:08', '1');
INSERT INTO `sesiones` VALUES ('16', '1', '127.0.0.1', '2023-11-27 16:24:05', '1');
INSERT INTO `sesiones` VALUES ('17', '1', '127.0.0.1', '2023-11-28 11:38:41', '1');
INSERT INTO `sesiones` VALUES ('18', '1', '127.0.0.1', '2023-12-01 16:32:15', '1');
INSERT INTO `sesiones` VALUES ('19', '1', '127.0.0.1', '2023-12-07 16:22:30', '1');
INSERT INTO `sesiones` VALUES ('20', '1', '127.0.0.1', '2023-12-12 10:23:06', '1');
INSERT INTO `sesiones` VALUES ('21', '1', '127.0.0.1', '2023-12-15 13:29:45', '1');
INSERT INTO `sesiones` VALUES ('22', '1', '127.0.0.1', '2023-12-18 12:27:45', '1');
INSERT INTO `sesiones` VALUES ('23', '1', '127.0.0.1', '2023-12-18 14:52:45', '1');
INSERT INTO `sesiones` VALUES ('24', '1', '127.0.0.1', '2023-12-18 17:55:57', '1');
INSERT INTO `sesiones` VALUES ('25', '1', '38.172.59.2', '2023-12-18 18:16:03', '1');
INSERT INTO `sesiones` VALUES ('26', '1', '186.166.135.75', '2023-12-18 18:30:36', '1');
INSERT INTO `sesiones` VALUES ('27', '1', '186.166.135.75', '2023-12-18 20:04:39', '1');
INSERT INTO `sesiones` VALUES ('28', '1', '186.166.135.75', '2023-12-19 11:04:11', '1');
INSERT INTO `sesiones` VALUES ('29', '1', '127.0.0.1', '2023-12-19 12:00:51', '1');
INSERT INTO `sesiones` VALUES ('30', '1', '127.0.0.1', '2023-12-20 12:00:00', '1');
INSERT INTO `sesiones` VALUES ('31', '1', '127.0.0.1', '2024-01-15 11:10:33', '1');
INSERT INTO `sesiones` VALUES ('32', '1', '127.0.0.1', '2024-01-19 11:29:22', '1');

-- ----------------------------
-- Table structure for sillas
-- ----------------------------
CREATE TABLE `sillas` (
  `IdSilla` int(11) NOT NULL AUTO_INCREMENT,
  `TipoSilla` varchar(20) DEFAULT NULL,
  `NombreSilla` varchar(20) DEFAULT NULL,
  `IdStatus` int(11) DEFAULT NULL,
  PRIMARY KEY (`IdSilla`)
) ENGINE=InnoDB AUTO_INCREMENT=9 DEFAULT CHARSET=utf8;

-- ----------------------------
-- Records of sillas
-- ----------------------------
INSERT INTO `sillas` VALUES ('1', 'Barbero', 'Silla 1', '1');
INSERT INTO `sillas` VALUES ('2', 'Barbero', 'Silla 2', '1');
INSERT INTO `sillas` VALUES ('3', 'Barbero', 'Silla 3', '1');
INSERT INTO `sillas` VALUES ('4', 'Barbero', 'Silla 4', '1');
INSERT INTO `sillas` VALUES ('5', 'Barbero', 'Silla 5', '1');
INSERT INTO `sillas` VALUES ('6', 'Barbero', 'Silla 6', '1');
INSERT INTO `sillas` VALUES ('7', 'Barbero', 'Silla 7', '1');
INSERT INTO `sillas` VALUES ('8', 'Quiropedia', 'Quiropedia', '1');

-- ----------------------------
-- Table structure for sillas_barbero_relacion
-- ----------------------------
CREATE TABLE `sillas_barbero_relacion` (
  `IdRelacion` int(11) NOT NULL AUTO_INCREMENT,
  `IdSilla` int(11) DEFAULT NULL,
  `IdUsuario` int(11) DEFAULT NULL,
  `Porcentaje` float(11,2) DEFAULT NULL,
  `FechaRelacion` datetime DEFAULT NULL,
  `IdStatus` int(11) DEFAULT NULL,
  PRIMARY KEY (`IdRelacion`)
) ENGINE=InnoDB AUTO_INCREMENT=9 DEFAULT CHARSET=utf8;

-- ----------------------------
-- Records of sillas_barbero_relacion
-- ----------------------------
INSERT INTO `sillas_barbero_relacion` VALUES ('1', '1', '6', '45.00', '2023-11-06 09:00:00', '1');
INSERT INTO `sillas_barbero_relacion` VALUES ('2', '2', '8', '45.00', '2023-11-06 09:00:00', '1');
INSERT INTO `sillas_barbero_relacion` VALUES ('3', '3', '7', '45.00', '2023-11-06 09:00:00', '1');
INSERT INTO `sillas_barbero_relacion` VALUES ('4', '4', '4', '50.00', '2023-11-06 09:00:00', '1');
INSERT INTO `sillas_barbero_relacion` VALUES ('5', '5', '5', '45.00', '2023-11-06 09:00:00', '1');
INSERT INTO `sillas_barbero_relacion` VALUES ('6', '6', '9', '45.00', '2023-11-06 09:00:00', '1');
INSERT INTO `sillas_barbero_relacion` VALUES ('7', '7', '10', '45.00', '2023-11-06 09:00:00', '1');
INSERT INTO `sillas_barbero_relacion` VALUES ('8', '8', '11', '45.00', '2023-11-06 09:00:00', '1');

-- ----------------------------
-- Table structure for tipo_movimiento
-- ----------------------------
CREATE TABLE `tipo_movimiento` (
  `IdTipoMovimiento` int(11) NOT NULL AUTO_INCREMENT,
  `TipoMovimiento` varchar(200) DEFAULT NULL,
  `Accion` tinyint(4) DEFAULT NULL,
  `IdStatus` int(11) DEFAULT NULL,
  PRIMARY KEY (`IdTipoMovimiento`)
) ENGINE=InnoDB AUTO_INCREMENT=5 DEFAULT CHARSET=utf8;

-- ----------------------------
-- Records of tipo_movimiento
-- ----------------------------
INSERT INTO `tipo_movimiento` VALUES ('1', 'Servicio Cliente', '1', '1');
INSERT INTO `tipo_movimiento` VALUES ('2', 'Pago Cliente', '2', '1');
INSERT INTO `tipo_movimiento` VALUES ('3', 'Otros Cargos Cliente', '1', '1');
INSERT INTO `tipo_movimiento` VALUES ('4', 'Descuento Cliente', '2', '1');

-- ----------------------------
-- Table structure for tipo_pago
-- ----------------------------
CREATE TABLE `tipo_pago` (
  `IdTipoPago` int(11) NOT NULL AUTO_INCREMENT,
  `TipoPago` varchar(100) CHARACTER SET utf8 DEFAULT NULL,
  PRIMARY KEY (`IdTipoPago`)
) ENGINE=InnoDB AUTO_INCREMENT=7 DEFAULT CHARSET=sjis;

-- ----------------------------
-- Records of tipo_pago
-- ----------------------------
INSERT INTO `tipo_pago` VALUES ('1', 'Efectivo');
INSERT INTO `tipo_pago` VALUES ('2', 'Pago Movil');
INSERT INTO `tipo_pago` VALUES ('3', 'Zelle');
INSERT INTO `tipo_pago` VALUES ('4', 'Banesco Panama');
INSERT INTO `tipo_pago` VALUES ('5', 'Binance');
INSERT INTO `tipo_pago` VALUES ('6', 'Otro');

-- ----------------------------
-- Table structure for usuarios_tipo
-- ----------------------------
CREATE TABLE `usuarios_tipo` (
  `IdTipoUsuario` int(11) NOT NULL AUTO_INCREMENT,
  `TipoUsuario` varchar(100) DEFAULT NULL,
  PRIMARY KEY (`IdTipoUsuario`)
) ENGINE=InnoDB AUTO_INCREMENT=5 DEFAULT CHARSET=latin1;

-- ----------------------------
-- Records of usuarios_tipo
-- ----------------------------
INSERT INTO `usuarios_tipo` VALUES ('1', 'Gerente');
INSERT INTO `usuarios_tipo` VALUES ('2', 'Administrador');
INSERT INTO `usuarios_tipo` VALUES ('3', 'Barbero');
INSERT INTO `usuarios_tipo` VALUES ('4', 'Quiropedista');
